 -2*l = 2 + t, -79 = -5*v + l. What is the remainder when 27 is divided by v?
12
Let o be -1 + (8 - 4) - 2. Let y = o + 10. What is the remainder when y is divided by 4?
3
Suppose -2*k + 5*z = -47, -4*k + 0*z - 2*z = -34. Suppose 0*r + 61 = 3*o - 2*r, 2*o - r - 41 = 0. Calculate the remainder when o is divided by k.
10
Let v(i) = 3*i + 6. Suppose 4*p = -6 + 22. Suppose p*j = -7 + 27. Calculate the remainder when v(j) is divided by 11.
10
Suppose -166 = -4*v - 50. Calculate the remainder when v is divided by 9 - ((-2)/(-2))/(-1).
9
Suppose -5*u + 6 = -79. Calculate the remainder when 33 is divided by u.
16
Suppose 0 = 4*j + f + 4, -f = -j + 2 + 2. Suppose -4*o = 4*d - 48, -6*d + d = j. Suppose -134 + 19 = -5*m. Calculate the remainder when m is divided by o.
11
Suppose 2*i + 164 + 18 = 0. Calculate the remainder when (i/2)/(2/(-4)) is divided by 31.
29
Suppose 0*w + 2*d = -w + 5, 2*d + 1 = w. Let l(m) = -m**2 + 5*m - 4. What is the remainder when 7 is divided by l(w)?
1
Let f be ((-1)/2)/((-2)/4). Let z = 20 - 23. Calculate the remainder when 12 is divided by f + 1/(z/(-18)).
5
Let l be ((-14)/(-7))/((-2)/(-28)). Suppose 3*q + l = 5*q. What is the remainder when 41 is divided by q?
13
Suppose -2*t = k - 24, -3*t = -t + 2*k - 22. Suppose 0*s = -7*s + 357. Calculate the remainder when s is divided by t.
12
Let p = 55 - 38. Let u be (0/3)/(4/(-2)). Suppose 4*h + 8 = u, -5*l - 2*h - 2*h + 37 = 0. What is the remainder when p is divided by l?
8
Suppose -2*s - f = -41, 15 = 2*s - 2*f - 17. Suppose 0 = -0*j + 4*j + 2*k - 30, -j - 3*k + 10 = 0. What is the remainder when s is divided by j?
5
Suppose 3*g = 5*g - 90. Let d = g - -26. Calculate the remainder when d is divided by 18.
17
Suppose -4*n = -3*w - 18, 3*n - 14 = -w + 3*w. Suppose 3*y = n*y. Suppose y = -d + 2*u + 4, -5*u + 37 + 2 = d. Calculate the remainder when d is divided by 5.
4
Suppose 9*r - 212 = 760. What is the remainder when r is divided by 22?
20
Let p = -20 + 26. Suppose 3*w + 0*w = 4*b + 41, 5*w - 3*b = 61. What is the remainder when w is divided by p?
5
Suppose 2*l = 8*l - 108. Let m = -62 + 115. Calculate the remainder when m is divided by l.
17
Let k(o) = -o**3 - 8*o**2 + 3. Let z be k(-8). Suppose -79 = -5*h - 4*m, 4*m + 5 = z*h - 36. Calculate the remainder when 59 is divided by h.
14
Suppose 3*s = -3*n + 6, -3*n + 3 = 2*s - 2. What is the remainder when 3 is divided by n?
0
Suppose -3*a + 7 - 4 = 0. Calculate the remainder when (-113)/(-6) + a/6 is divided by 5.
4
What is the remainder when (-4)/24 - 2469/(-18) is divided by 35?
32
Let b = -11 - -34. What is the remainder when (4/4 - 0)*b is divided by 9?
5
Let y(w) = w**2 + 4*w - 4. Let m be y(-6). Suppose 0 = 3*q - 2*l - 2, l = 3*q + 2*q - m. Suppose 5*v = 3 + q. What is the remainder when 2 is divided by v?
0
Let d(r) = 5*r**3 - 1. Let k be d(1). Suppose 4*i + 14 = -a, 4*a - k*i + 6 - 30 = 0. What is the remainder when 3 is divided by a?
1
Suppose 5*m - 2 - 8 = 0. Suppose -3*f = -2*g - 18 - 2, -m*f + 4*g + 24 = 0. What is the remainder when 13 is divided by 10/f*(1 + 1)?
3
Let q(j) = -j**2 - j. Suppose v - 5*a - 17 = -3*v, 0 = 2*v - a - 7. Let b be q(v). Calculate the remainder when 7 is divided by (-32)/b*(-3)/(-2).
3
Let n(q) = q + 4. Suppose 0 = 2*l + 6, 4*l + 104 = 4*i + 8*l. Calculate the remainder when i is divided by n(6).
9
Let f(j) be the first derivative of j**4/4 - j**3 - 3*j**2 + 3*j + 1. Calculate the remainder when f(5) is divided by 13.
10
Let f(n) = -2*n + 1. Let g be f(2). Let r(d) = -9*d + 1. Let x(q) = -10*q + 1. Let m(y) = 7*r(y) - 6*x(y). What is the remainder when 28 is divided by m(g)?
8
Suppose -43 = -3*q - 4. What is the remainder when 35 is divided by q?
9
Suppose -3*j - a + 369 = 3*a, 2*j + 2*a = 246. What is the remainder when j is divided by 63?
60
Let d be (-37 + 0)*(-5 + 1). Suppose -2*w + d = 4*i, 0*i + 4*i + 5*w - 142 = 0. What is the remainder when i is divided by 20?
18
Let b be (-3)/(-3) - (-25 - -1). Let t = b - 6. What is the remainder when (-3 - 0)/((-9)/111) is divided by t?
18
Let k = -47 - -73. Let f = -9 - -23. Calculate the remainder when k is divided by f.
12
Suppose -4*o = -4 + 20, -4*z + 4*o = -476. What is the remainder when z is divided by 29?
28
Let r(n) = n**3 + 16*n**2 + 16*n + 20. Calculate the remainder when 6 is divided by r(-15).
1
Let u(k) = -k**2 - 7*k + 1. Let w be u(-7). Calculate the remainder when w/(((-6)/(-3))/60) is divided by 11.
8
Let j = 14 - 6. Suppose -4*z = -5*z + a + j, -4*a = -5*z + 44. Suppose 6*h = 2*h + z. Calculate the remainder when 7 is divided by h.
1
Let s = -12 + -3. What is the remainder when (-5)/(s/234) + 3 is divided by 21?
18
Let z(r) = -r**3 + 9*r**2 - 10*r - 13. Calculate the remainder when 88 is divided by z(7).
13
Suppose -85 = -5*q + 4*h, -3*h + 64 = 4*q - 7*h. Suppose 0 = 2*d + 3*d - 40. What is the remainder when q is divided by d?
5
Let s(g) = g**2 - 10*g + 25. What is the remainder when 13 is divided by s(7)?
1
Let z = -11 + 75. Let q = z + -21. Let m(l) = l**2 - l + 3. What is the remainder when q is divided by m(-3)?
13
Let p be 0/(-3) + 1 + 1. Suppose -5*i + 38 + 112 = c, 4*i - 2*c = 134. Suppose 5*l - p*m = -i + 81, 4*l = m + 43. What is the remainder when 22 is divided by l?
10
Let b(t) = -2*t**3 - 6*t**2 - t - 7. What is the remainder when b(-4) is divided by 17?
12
What is the remainder when 23 - (-5)/((-10)/(-4)) is divided by 7?
4
Let d = -16 + 19. What is the remainder when 3 is divided by d?
0
Suppose 0 = 2*x - m - 3, m - 5 = -x - 2*m. Let d(a) = 4*a**3 - a**2 - 4*a + 3. Let s(q) = -7*q - 24. What is the remainder when s(-13) is divided by d(x)?
21
Let s be 1 - (-1)/(2/8). Suppose w - 2 = -w, -b - s*w = -16. Suppose -3*m + 84 = -9. What is the remainder when m is divided by b?
9
Let q = 12 - 10. Let i(l) = 14*l. Calculate the remainder when i(q) is divided by 10.
8
Let c = 21 + 4. Let j be (-1)/1*(-7 + 1). What is the remainder when c is divided by 2/3 - (-74)/j?
12
Let r(q) = -7*q + 16. Calculate the remainder when r(-15) is divided by 31.
28
Suppose -2*s + 4*s - 4 = 0. Calculate the remainder when 38 is divided by 8 - (s + -2 + -2).
8
Suppose -3*y + 445 = 100. Suppose 4*w = -f + 316, 4*f = -3*w + 6*w - 256. Suppose w + y = 5*a. What is the remainder when a is divided by 20?
19
Suppose -10 = 8*v - 3*v. What is the remainder when v + 37 + (2 - 1) is divided by 19?
17
Suppose -12 = -5*c + u, -2*c + 14 = c - 4*u. Suppose c*h + 6 = -0*h, -3*h = -2*a + 15. Suppose -l = -a - 4. Calculate the remainder when 12 is divided by l.
5
Suppose -9 + 79 = 2*v. Calculate the remainder when v is divided by 9.
8
Let y be -2 - -142 - 1/(-1). Suppose 5*h = 2*x - y, -4*x + 258 = 2*h + 12. What is the remainder when x is divided by 16?
15
Suppose -h + 3 = 2*p - 2, 2*h + 5*p - 6 = 0. Let n = 1 - 10. Let i = -2 - n. What is the remainder when h is divided by i?
6
Let g(p) = p + 2*p**2 - 3*p**2 + p + 3*p**2 - 1. Calculate the remainder when g(3) is divided by 8.
7
Let b(o) = 5*o + 2. What is the remainder when 65 is divided by b(4)?
21
Let m = -9 + 33. Let k = -8 + m. Calculate the remainder when k is divided by 6.
4
Let b be ((-2)/(-6) + 0)*12. Suppose 3*z = -5*x + 326, 3*z + 315 - 65 = b*x. Calculate the remainder when x is divided by 22.
20
Suppose -32 = -5*f + 38. What is the remainder when 25 is divided by f?
11
Let m = -86 - -156. What is the remainder when m is divided by 19?
13
Let g = -53 - -80. Suppose f - 4*d = -4*f + 83, 52 = 4*f + 4*d. Calculate the remainder when g is divided by f.
12
Let x = 4 - 4. Let r(w) = -w**3 + 2*w**2 - w + 17. What is the remainder when r(x) is divided by 4?
1
Let d(j) = 33*j**2 + j. Let p be d(1). Let n = -13 + p. What is the remainder when n is divided by 12?
9
What is the remainder when 0 + (-1)/(-3*1/69) is divided by 6?
5
Let u(b) = -b**3 - 3*b**2 - b - 1. Let s be u(-3). Let v(g) = g**3 + 11*g**2 + 4*g - 18. What is the remainder when v(-10) is divided by s/(-10) + 222/10?
20
Suppose 7*r - 35 = 2*r. Let a = 7 - 5. Suppose a*f - 2 + 0 = 4*z, 3 = 3*z. What is the remainder when r is divided by f?
1
Suppose -13*q + 8*q + 175 = 0. Calculate the remainder when q is divided by 12.
11
Suppose 6*m = 4*m + 12. Let a = -38 - -55. Calculate the remainder when a is divided by m.
5
Suppose -2*v = -u + 3*u -